{"id":290,"date":"2019-05-20T23:10:18","date_gmt":"2019-05-20T21:10:18","guid":{"rendered":"http:\/\/tsvdiedorf-tennis.de\/?page_id=290"},"modified":"2023-04-11T19:34:03","modified_gmt":"2023-04-11T17:34:03","slug":"ballschule-heidelberg","status":"publish","type":"page","link":"http:\/\/tsvdiedorf-tennis.de\/index.php\/ballschule-heidelberg\/","title":{"rendered":"Ballschule Heidelberg"},"content":{"rendered":"\n<p>Seit Mai 2016 bietet die Sparte Tennis erfolgreich die <a href=\"http:\/\/tsvdiedorf-tennis.de\/wp-content\/uploads\/2019\/04\/Ballschule20_04_16.pdf\">Ballschule<\/a> Heidelberg an. Die Kinder werden altersgerecht in Gruppen eingeteilt, \u00fcben mit verschiedenen B\u00e4llen, Schl\u00e4gern und Sportger\u00e4ten und erwerben so die Grundausstattung mehrerer Ballsportarten. Die motorische Entwicklung der Kinder wird spielerisch und entwicklungsgerecht gef\u00f6rdert. Zielgruppe sind Kinder zwischen 3 und 10 Jahren, mit Motivation und Lust zu Bewegungsspielen. Die Kinder werden altersgerecht in 3-4 Gruppen eingeteilt, \u00fcben mit verschiedenen B\u00e4llen, Schl\u00e4gern und Sportger\u00e4ten und erwerben so die Grundausstattung der spezifischen Ballsportarten. <\/p>\n\n\n\n<p>Die Kinder sollen dabei den Unterschied verschiedener Ballformen selbst erfahren, werden ganzheitlich zum Allrounder ausgebildet und sollen ihre Vielseitigkeit bewahren. Ziel ist das Erleben und Wahrnehmen von Sport-\/ Spielsituationen und Hinf\u00fchrung zu den &nbsp;Ballsportspielen. <\/p>\n\n\n\n<p>Die\nKinder werden in ihrer geistigen, emotionalen und\nmotorischen Entwicklung gef\u00f6rdert.\nUnsere Ballschule vermittelt spiel\u00fcbergreifende\nFertigkeiten und ist die ideale Vorstufe, um sp\u00e4ter mit den talentinos spielend Tennis zu lernen oder beim TSV eine der\nweiteren Ballsportarten zu ergreifen. <\/p>\n\n\n\n<p>Marion Geber, Tennistrainerin und Mitglied beim TSV Diedorf ist \u00fcberzeugt von den ausgekl\u00fcgelten \u00dcbungs- und Spielformen des Ballschul-Konzeptes, die jahrelang an mehr als 100 Kinderg\u00e4rten von der Uni Heidelberg erprobt wurden. Unsere \u00dcbungsleiterinnen Jana Skrabal, Claudia Hofmann und Mara B\u00f6hler k\u00fcmmern sich um die Kids in derzeit vier Gruppen. <\/p>\n\n\n\n<p>Bei Interesse bitten wir Kontakt mit der Leiterin der Ballschule per email aufzunehmen: <strong>tennis@tsvdiedorf.de.<\/strong> <\/p>\n\n\n\n<p>Die Sparte <strong>Tennis <\/strong>des TSV Diedorf ist lizenzierter Ballschulverein und trainiert nach den Grundlagen der Ballschule Heidelberg (<a href=\"http:\/\/www.ballschule.de\/\">www.ballschule.de<\/a>). <\/p>\n","protected":false},"excerpt":{"rendered":"<p>Seit Mai 2016 bietet die Sparte Tennis erfolgreich die Ballschule Heidelberg an. Die Kinder werden altersgerecht in Gruppen eingeteilt, \u00fcben mit verschiedenen B\u00e4llen, Schl\u00e4gern und<\/p>\n","protected":false},"author":2,"featured_media":0,"parent":0,"menu_order":0,"comment_status":"closed","ping_status":"closed","template":"","meta":[],"_links":{"self":[{"href":"http:\/\/tsvdiedorf-tennis.de\/index.php\/wp-json\/wp\/v2\/pages\/290"}],"collection":[{"href":"http:\/\/tsvdiedorf-tennis.de\/index.php\/wp-json\/wp\/v2\/pages"}],"about":[{"href":"http:\/\/tsvdiedorf-tennis.de\/index.php\/wp-json\/wp\/v2\/types\/page"}],"author":[{"embeddable":true,"href":"http:\/\/tsvdiedorf-tennis.de\/index.php\/wp-json\/wp\/v2\/users\/2"}],"replies":[{"embeddable":true,"href":"http:\/\/tsvdiedorf-tennis.de\/index.php\/wp-json\/wp\/v2\/comments?post=290"}],"version-history":[{"count":9,"href":"http:\/\/tsvdiedorf-tennis.de\/index.php\/wp-json\/wp\/v2\/pages\/290\/revisions"}],"predecessor-version":[{"id":1047,"href":"http:\/\/tsvdiedorf-tennis.de\/index.php\/wp-json\/wp\/v2\/pages\/290\/revisions\/1047"}],"wp:attachment":[{"href":"http:\/\/tsvdiedorf-tennis.de\/index.php\/wp-json\/wp\/v2\/media?parent=290"}],"curies":[{"name":"wp","href":"https:\/\/api.w.org\/{rel}","templated":true}]}}