{"id":15,"date":"2019-04-21T17:10:04","date_gmt":"2019-04-21T15:10:04","guid":{"rendered":"http:\/\/tsvdiedorf-tennis.de\/?page_id=15"},"modified":"2023-04-11T19:45:12","modified_gmt":"2023-04-11T17:45:12","slug":"training","status":"publish","type":"page","link":"http:\/\/tsvdiedorf-tennis.de\/index.php\/training\/","title":{"rendered":"Training"},"content":{"rendered":"\n<p>Auf unserer <a href=\"http:\/\/tsvdiedorf-tennis.de\/index.php\/anlage\/\">Tennisanlage<\/a> trainieren alle Mannschaften regelm\u00e4\u00dfig mit unseren engagierten Trainern. F\u00fcr alle interessierten Kinder bieten wir au\u00dferdem ein kostenloses Schnuppertraining an.<\/p>\n\n\n\n<p>F\u00fcr Einzelstunden stehen zudem unsere erfahrenen Trainer und Trainerinnen zur Verf\u00fcgung. Sollten Sie Interesse an Trainerstunden haben, wenden Sie sich bitte direkt an einen der nachfolgenden Ansprechpartner.<\/p>\n\n\n\n<figure class=\"wp-block-table aligncenter is-style-regular\"><table class=\"has-subtle-pale-green-background-color has-background\"><tbody><tr><td class=\"has-text-align-left\" data-align=\"left\"><strong>Jugendtraining<\/strong><\/td><td class=\"has-text-align-left\" data-align=\"left\">Edgar Schropp<\/td><td>08238 902761<\/td><\/tr><tr><td class=\"has-text-align-left\" data-align=\"left\"><strong>Mannschaften<\/strong><\/td><td class=\"has-text-align-left\" data-align=\"left\">Edgar Schropp<\/td><td>08238 902761<\/td><\/tr><tr><td class=\"has-text-align-left\" data-align=\"left\"><strong>Ballschule<\/strong><\/td><td class=\"has-text-align-left\" data-align=\"left\">Max B\u00f6hler<\/td><td>0173 1684553<\/td><\/tr><\/tbody><\/table><\/figure>\n\n\n\n<p>Der TSV Diedorf ist auch Mitglied im\u00a0<a rel=\"noreferrer noopener\" href=\"http:\/\/www.talentinos.de\/Talentinos\/abaxx-?$part=eltern.content.content&amp;changeDesk=true\" target=\"_blank\">Talentino Club des DTB<\/a>, in dem Kinder die Sportart Tennis spielerisch erlernen k\u00f6nnen. Mehr Informationen finden Sie auf der Homepage des Clubs: <a href=\"https:\/\/kinder.tennis.de\/\">https:\/\/kinder.tennis.de<\/a>.<\/p>\n","protected":false},"excerpt":{"rendered":"<p>Auf unserer Tennisanlage trainieren alle Mannschaften regelm\u00e4\u00dfig mit unseren engagierten Trainern. F\u00fcr alle interessierten Kinder bieten wir au\u00dferdem ein kostenloses Schnuppertraining an. F\u00fcr Einzelstunden stehen<\/p>\n","protected":false},"author":1,"featured_media":0,"parent":0,"menu_order":0,"comment_status":"closed","ping_status":"closed","template":"","meta":[],"_links":{"self":[{"href":"http:\/\/tsvdiedorf-tennis.de\/index.php\/wp-json\/wp\/v2\/pages\/15"}],"collection":[{"href":"http:\/\/tsvdiedorf-tennis.de\/index.php\/wp-json\/wp\/v2\/pages"}],"about":[{"href":"http:\/\/tsvdiedorf-tennis.de\/index.php\/wp-json\/wp\/v2\/types\/page"}],"author":[{"embeddable":true,"href":"http:\/\/tsvdiedorf-tennis.de\/index.php\/wp-json\/wp\/v2\/users\/1"}],"replies":[{"embeddable":true,"href":"http:\/\/tsvdiedorf-tennis.de\/index.php\/wp-json\/wp\/v2\/comments?post=15"}],"version-history":[{"count":32,"href":"http:\/\/tsvdiedorf-tennis.de\/index.php\/wp-json\/wp\/v2\/pages\/15\/revisions"}],"predecessor-version":[{"id":1057,"href":"http:\/\/tsvdiedorf-tennis.de\/index.php\/wp-json\/wp\/v2\/pages\/15\/revisions\/1057"}],"wp:attachment":[{"href":"http:\/\/tsvdiedorf-tennis.de\/index.php\/wp-json\/wp\/v2\/media?parent=15"}],"curies":[{"name":"wp","href":"https:\/\/api.w.org\/{rel}","templated":true}]}}