{"id":123,"date":"2019-05-02T14:04:09","date_gmt":"2019-05-02T12:04:09","guid":{"rendered":"http:\/\/tsvdiedorf-tennis.de\/?page_id=123"},"modified":"2026-04-07T13:01:26","modified_gmt":"2026-04-07T11:01:26","slug":"herzlich-willkommen-beim-tsv-diedorf","status":"publish","type":"page","link":"http:\/\/tsvdiedorf-tennis.de\/","title":{"rendered":"Willkommen bei der Tennisabteilung                   des TSV Diedorf"},"content":{"rendered":"\n<p>Die Tennisabteilung wurde im Jahr 1986 gegr\u00fcndet und besteht derzeit aus ca. 300 Mitgliedern.&nbsp;  <br><\/p>\n\n\n\n<div class=\"wp-block-image\"><figure class=\"alignright is-resized\"><img loading=\"lazy\" src=\"http:\/\/tsvdiedorf-tennis.de\/wp-content\/uploads\/2019\/05\/Tennisplatz_Luftaufnahme.jpg\" alt=\"\" class=\"wp-image-245\" width=\"400\" height=\"314\" srcset=\"http:\/\/tsvdiedorf-tennis.de\/wp-content\/uploads\/2019\/05\/Tennisplatz_Luftaufnahme.jpg 724w, http:\/\/tsvdiedorf-tennis.de\/wp-content\/uploads\/2019\/05\/Tennisplatz_Luftaufnahme-300x235.jpg 300w\" sizes=\"(max-width: 400px) 100vw, 400px\" \/><\/figure><\/div>\n\n\n\n<p>Unsere <a href=\"http:\/\/tsvdiedorf-tennis.de\/index.php\/anlage\/\">Anlage an der Oggenhofstra\u00dfe 2<\/a> in Diedorf verf\u00fcgt \u00fcber insgesamt sechs Sandpl\u00e4tze. Ausreichend Parkm\u00f6glichkeiten stehen f\u00fcr Mitglieder und G\u00e4ste bereit. Unser neu saniertes Clubhaus l\u00e4dt zum verweilen ein, bei gutem Wetter genie\u00dfen wir das gem\u00fctliche Beieinandersein auf der Terrasse. Wir bieten Kindern und Jugendlichen, Anf\u00e4ngern, Hobbyspielern und auch ambitionierten Spielern beste Voraussetzungen f\u00fcr diesen sch\u00f6nen Freiluftsport.<\/p>\n\n\n\n<p><br><\/p>\n\n\n\n<p>Gestartet werden kann mit einer Schnupperstunde, Trainerstunden oder gleich mit dem Eintritt in die Sparte. Bei Interesse wenden Sie sich an Stephan Mattern unter der E-Mail-Adresse: <a href=\"mailto:tennis@tsvdiedorf.de\">tennis@tsvdiedorf.de<\/a> sowie telefonisch unter +49 1512 7576544.<\/p>\n\n\n\n<h2>Saisonstart 2026<\/h2>\n\n\n\n<div class=\"wp-block-columns\">\n<div class=\"wp-block-column\" style=\"flex-basis:100%\">\n<div class=\"wp-block-columns\">\n<div class=\"wp-block-column\">\n<figure class=\"wp-block-image size-medium is-resized is-style-default\"><img loading=\"lazy\" src=\"http:\/\/tsvdiedorf-tennis.de\/wp-content\/uploads\/2026\/04\/ChatGPT-Image-7.-Apr.-2026-12_51_09-200x300.png\" alt=\"ChatGPT Image 7. Apr. 2026, 12_51_09\" class=\"wp-image-1488\" width=\"380\" height=\"570\" srcset=\"http:\/\/tsvdiedorf-tennis.de\/wp-content\/uploads\/2026\/04\/ChatGPT-Image-7.-Apr.-2026-12_51_09-200x300.png 200w, http:\/\/tsvdiedorf-tennis.de\/wp-content\/uploads\/2026\/04\/ChatGPT-Image-7.-Apr.-2026-12_51_09-683x1024.png 683w, http:\/\/tsvdiedorf-tennis.de\/wp-content\/uploads\/2026\/04\/ChatGPT-Image-7.-Apr.-2026-12_51_09-768x1152.png 768w, http:\/\/tsvdiedorf-tennis.de\/wp-content\/uploads\/2026\/04\/ChatGPT-Image-7.-Apr.-2026-12_51_09.png 1024w\" sizes=\"(max-width: 380px) 100vw, 380px\" \/><\/figure>\n<\/div>\n\n\n\n<div class=\"wp-block-column\">\n<p><strong>Saisonstart &amp; Klufenturnier am 18 April 2026<\/strong><br><br><a href=\"http:\/\/tsvdiedorf-tennis.de\/index.php\/2026\/04\/07\/einladung-zum-klufenturnier-2026\/\">Alle Infos hier!<\/a><\/p>\n<\/div>\n<\/div>\n<\/div>\n<\/div>\n","protected":false},"excerpt":{"rendered":"<p>Die Tennisabteilung wurde im Jahr 1986 gegr\u00fcndet und besteht derzeit aus ca. 300 Mitgliedern.&nbsp; Unsere Anlage an der Oggenhofstra\u00dfe 2 in Diedorf verf\u00fcgt \u00fcber insgesamt sechs Sandpl\u00e4tze. Ausreichend Parkm\u00f6glichkeiten stehen f\u00fcr Mitglieder und G\u00e4ste bereit. Unser neu saniertes Clubhaus l\u00e4dt zum verweilen ein, bei gutem<\/p>\n","protected":false},"author":1,"featured_media":0,"parent":0,"menu_order":1,"comment_status":"closed","ping_status":"closed","template":"","meta":[],"_links":{"self":[{"href":"http:\/\/tsvdiedorf-tennis.de\/index.php\/wp-json\/wp\/v2\/pages\/123"}],"collection":[{"href":"http:\/\/tsvdiedorf-tennis.de\/index.php\/wp-json\/wp\/v2\/pages"}],"about":[{"href":"http:\/\/tsvdiedorf-tennis.de\/index.php\/wp-json\/wp\/v2\/types\/page"}],"author":[{"embeddable":true,"href":"http:\/\/tsvdiedorf-tennis.de\/index.php\/wp-json\/wp\/v2\/users\/1"}],"replies":[{"embeddable":true,"href":"http:\/\/tsvdiedorf-tennis.de\/index.php\/wp-json\/wp\/v2\/comments?post=123"}],"version-history":[{"count":27,"href":"http:\/\/tsvdiedorf-tennis.de\/index.php\/wp-json\/wp\/v2\/pages\/123\/revisions"}],"predecessor-version":[{"id":1492,"href":"http:\/\/tsvdiedorf-tennis.de\/index.php\/wp-json\/wp\/v2\/pages\/123\/revisions\/1492"}],"wp:attachment":[{"href":"http:\/\/tsvdiedorf-tennis.de\/index.php\/wp-json\/wp\/v2\/media?parent=123"}],"curies":[{"name":"wp","href":"https:\/\/api.w.org\/{rel}","templated":true}]}}